 x?
6
Let z(u) = u**2 + 9*u + 5. Let t = -3 + 5. Suppose 0 = 4*y - m + 53, 0 = y + m + m + t. What is the tens digit of z(y)?
4
What is the tens digit of (3 - 36/8)*221816/(-84)?
6
Let k(s) = 21*s**2 + 5*s - 12. Suppose 8 = 3*q - 1. What is the hundreds digit of k(q)?
1
Let g = 7 + 1. Let i = -3 + g. What is the units digit of (-3)/i + 52/20?
2
Let t(n) = -50*n - 97. What is the hundreds digit of t(-9)?
3
Let s(f) = 2*f**2 + 1. Let j be 2/2 + (-4)/2. Let a be s(j). Suppose -3*y + a*k = -y - 51, -5*k - 105 = -4*y. What is the tens digit of y?
3
Let s = -11 - -84. Suppose 80 = 3*t - s. Suppose 2*y = 5*y - t. What is the tens digit of y?
1
What is the units digit of ((-1)/2)/(-4*(-8)/(-71616))?
9
Suppose -3*z + 2*v - 2 + 12 = 0, -2*z = 5*v + 25. Suppose z = c + 14*c - 3540. What is the tens digit of c?
3
Suppose 25 = 5*u + 5*c, 3*c = 4*u - 0*c - 6. Suppose 6*s - u*s + 45 = 0. What is the units digit of s/(-35) - (-22)/14?
2
Let w = -18 - -22. Suppose 5*r - 52 = -4*t, 3*r - 2*r + 52 = w*t. Let q(y) = -y**2 + 13*y + 3. What is the units digit of q(t)?
3
Suppose -2 = -4*p + 6. Suppose -2*j + p*n + 96 = 0, j + 5*n - 56 = 4. Let z = 77 - j. What is the tens digit of z?
2
Let w(m) = -m**3 - 10*m**2 + 3*m + 9. Let s be w(-10). Let u be (-3)/s + 2/(-14). Suppose u = 3*b + y - 14, 0 = 2*y + 8. What is the units digit of b?
6
Let x be (-4)/12 + (-48890)/(-6). What is the units digit of x/96 + 2/16?
5
Suppose 7*o + 161 - 987 = 0. What is the hundreds digit of o?
1
Suppose 379 = -150*w + 151*w. What is the hundreds digit of w?
3
What is the units digit of (-21260)/(-12) - (-38)/(-57)?
1
What is the units digit of 7 - 250*21/(-7)?
7
What is the units digit of (-56)/(-32) - (-6)/(-8)?
1
Let m(l) = -8*l + 17. Let i(f) = 3*f - 6. Suppose -3*q = 4*h - 8, 1 = -3*q + 4*q + h. Let w(c) = q*m(c) - 11*i(c). What is the units digit of w(-7)?
5
Let g(v) = 7*v - 11. Let m be g(2). Suppose m*u - 3*r = 519, 5*u - 6*u + 157 = 3*r. What is the units digit of u?
9
Let m = 4161 - 1090. What is the thousands digit of m?
3
Suppose 8*n - 4 = 3*n + 2*v, 0 = 2*n + 4*v + 8. Suppose 3*a - 12 + 9 = n. What is the units digit of a*(2 + -3)*-1?
1
Suppose 0 = 5*n - 3*b - 1115, -5*b - 879 = -3*n - n. What is the units digit of n?
6
Let s = 639 - -232. What is the tens digit of s?
7
Suppose 7*u - 47 - 121 = 0. Let s be 1/1 + u + 2. Let b = 49 - s. What is the tens digit of b?
2
Suppose 17*p - 463 - 472 = 0. What is the units digit of p?
5
Suppose 4*y - 3 = 4*l + 5, 10 = 5*l. What is the hundreds digit of (-4*4/(-48))/(y/1968)?
1
What is the thousands digit of 10/35 + 258118/49?
5
Suppose 0 = -30*i + 26*i + 2724. What is the units digit of i?
1
Let d(a) = -a**3 - a + 3. Let p be d(0). Suppose -p*r + 6 + 9 = 0. Suppose -5*q - r*y + 65 = 0, -y = -q - 3*y + 15. What is the tens digit of q?
1
Let c be 12*((-85)/(-20) - 1). Suppose 0*t + 5*t = 2*x - 11, -3*x + 3*t = -c. What is the units digit of x?
8
Let k = -2248 - -3661. What is the units digit of k?
3
Suppose 2*t = 4*f - 653 - 223, 0 = -3*f - 2*t + 643. Let d = f - 150. What is the units digit of d?
7
Let t be (2 - -53) + 0/(-2). Suppose 0 = 2*r - r - t. What is the units digit of r?
5
Suppose -j - 3*j = 4, 4*n - 2*j = 7630. What is the tens digit of n?
0
Suppose -4*k + 8*k = 8. Suppose r + k*r - 12 = 0. Suppose 16 = -3*d + r*d. What is the units digit of d?
6
Let h = -147 - -1395. What is the tens digit of h?
4
Let h(x) = -x**2 + 4*x + 10. Let y be h(5). Let g be y + -5 + (2 - 14). Let i(v) = v**3 + 11*v**2 - 14*v + 16. What is the units digit of i(g)?
0
Let m = -135 - -65. Let p = m - -157. What is the units digit of p?
7
Suppose -13*y - 4110 + 22401 = 0. What is the tens digit of y?
0
What is the hundreds digit of (-13126)/(-18) - 5/90*4?
7
Let h(t) = 5*t**3 + 9*t**2 + 12*t - 4. What is the units digit of h(4)?
8
Suppose 0 = -o + 40 + 2. Let c = -30 + o. What is the units digit of c?
2
Let i = 7 + -11. Let f = i - -14. Suppose -l = -2*l + f. What is the units digit of l?
0
Suppose -15*g + 301 = -14*g. What is the hundreds digit of g?
3
Let s(w) = -2*w - 4. Let g be s(-3). Suppose 4*q + 8 = -4*n - 0, 3*n + 9 = -g*q. Suppose -2*t = -q*t + 16. What is the tens digit of t?
1
Suppose -2*o = 158 + 32. Let c = o - -162. What is the tens digit of c?
6
Let l = -36 - -41. Let j be (-2 + 1)*-7 - -1. Suppose r + l*s = j, r - 2*s - s - 32 = 0. What is the units digit of r?
3
Suppose -3*x + 3*k = -1305, 4*x + 5*k = 4*k + 1735. What is the units digit of x?
4
Suppose -m - 4*p + 6 + 9 = 0, -16 = -4*p. Let r = 9 + m. Suppose -g + r = -26. What is the tens digit of g?
3
Suppose 186*y - 182*y = 16. Suppose 5*z + 3*q = 1090, y*q + 218 = z - 0*q. What is the units digit of z?
8
Suppose 0 = -4*x + 3 - 35. Let v(h) be the third derivative of h**5/60 + 7*h**4/24 + 5*h**3/3 + 6*h**2. What is the units digit of v(x)?
8
Let q be (-1)/2*(-60 + -2). Let v = q - 30. Suppose v = -2*c + 19. What is the units digit of c?
9
Suppose 4*r + i - 71 - 96 = 0, -5*i - 5 = 0. Let x = -28 + r. What is the tens digit of x?
1
Let g(m) = -44*m - 4. Let n be g(-1). Suppose n = f - 32. What is the units digit of f?
2
Let p be (15/(-3) - -2) + 6. Let k(a) = 8 + 8*a + 4*a - p*a - a**2 + 2. What is the units digit of k(7)?
4
Suppose -2*j + 2*q + 10 = 2*j, -5*j - 5*q + 35 = 0. Suppose 0 = -6*a + j*a + 134. What is the tens digit of a?
6
Suppose 0*i + 16*i - 64 = 0. What is the tens digit of (-8)/((-32)/6)*10*i?
6
Let c(p) be the second derivative of 10*p + 3/2*p**3 + 0 + 3/4*p**4 + 1/20*p**5 + 0*p**2. What is the tens digit of c(-7)?
3
Suppose -2*i + 2015 = 5*w, 5*w + i - 400 = 4*w. What is the hundreds digit of w?
4
What is the tens digit of (-195)/(-455) + (-13318)/(-7) + -1?
0
Let g(v) = v**2 + 4*v + 15. Let a be g(-5). Suppose 0 = 5*t - 9*t - a. Let k = -4 - t. What is the units digit of k?
1
Let w be (-4)/(-8) + 2/(-4). Let z(y) = -y + 2. Let l be z(w). Suppose -5*u + 4*q + 165 = -0*u, -2*u + 66 = l*q. What is the tens digit of u?
3
Suppose -7*s + 5*s = -760. What is the tens digit of s?
8
Let y(s) = 74*s - 89. What is the units digit of y(7)?
9
Let c = 30 + 11. Let l = c - 21. What is the units digit of l?
0
Suppose 0 = -16*n + 14213 - 1685. What is the units digit of n?
3
Suppose 3*v = -16*v + 41705. What is the units digit of v?
5
Let v be 6 - ((-2)/2 + 2). Let y(r) = -v*r + 4*r**2 - 3 - 8*r + 2 - 2*r**2. What is the units digit of y(7)?
6
Suppose 1034 + 734 = 8*b. What is the tens digit of b?
2
Let b(i) = -27*i - 37*i - 49*i - i. Let l be b(-2). Suppose 6*g = -78 + l. What is the units digit of g?
5
Suppose -c = -2*b - 13 + 5, -8 = 2*b + c. Let z be (-44)/b - (1 + -2). Suppose 9*a - z*a + 48 = 0. What is the tens digit of a?
1
Let s(w) = 0*w**2 + 2 + 2*w**2 - 4*w + w**2 + 2*w. Let n be s(-3). Suppose -h + n + 1 = 0. What is the tens digit of h?
3
Let l(i) = 2*i + 50. Let y be l(0). Suppose 0 = -2*r - 5*p + 9 + y, 2*p = 6. Suppose r = 2*x - 10. What is the units digit of x?
6
Suppose 3*a = 4*l - 504, -l = -a - 21 - 105. What is the hundreds digit of l?
1
Suppose -20*a = 33*a - 163134. What is the thousands digit of a?
3
Let c(l) = -2*l**3 + 2*l**2 - 12*l - 45. What is the tens digit of c(-6)?
3
Suppose 0 = 37*b - 3435 - 15139. What is the tens digit of b?
0
Suppose 49 + 11 = -4*t. Let n(j) = -3*j - 4. Let v be n(2). What is the tens digit of 6/t + (-154)/v?
1
Suppose -2*v + v + 4*x - 68 = 0, -v - 65 = -3*x. Let l be v/(-35) + (-4)/(-10). Suppose 232 = l*i + 2*i. What is the units digit of i?
8
Suppose 4*c - 228 = -0*c. Let r = c + -27. What is the units digit of r?
0
Let j = -54 - -451. What is the units digit of j?
7
Suppose 2*q = 4*f + 1086, q = 5*f + 53 + 493. What is the tens digit of q?
4
Let m(z) = z**2 + 3*z - 2. Let s be m(1). Suppose 11 = -s*f + 15. What is the units digit of f?
2
Let z(t) = -159*t**3 - 2*t**2 - 2*t - 1. Let h be z(-1). Let i = h + -68. Suppose i = 3*l + 2*l. What is the tens digit of l?
1
Let w be (-2 - -2)/(-1 + 2). Suppose 5*u - 446 - 449 = w. What is the tens digit of u?
7
Suppose -5*d - 357 = -6*d. What is the units digit of d?
7
Let c be (-152)/(-6)*(-9)/(-6) + -3. Let f = 67 + c. What is the tens digit of f?
0
What is the hundreds digit of (84 + -3)/((-1)/(-3))?
2
Let m(f) = -6*f**3 + 8*f**2 + 13*f + 3. What is the hundreds digit of m(-4)?
4
Su